4905. Is i composite?
False
Is (-2)/1 + 13627 + -19 + 15 a composite number?
True
Suppose 0 = 14*g - 3383 - 6039. Is g composite?
False
Let c = 1157 - -774. Is c a composite number?
False
Is (-1*(-1)/(-2))/(2/(-71228)) prime?
True
Let p(i) = i - 2*i + 2*i + 2*i**2 + 13 - 11. Let a be p(-2). Is (a/6)/((-4)/(-402)) a prime number?
False
Suppose v + 1276 = -2*x + 20613, 5*v - 96657 = 4*x. Is v a prime number?
True
Let a(g) = -g**2 - 5*g - 2. Let s be a(-2). Suppose 5*z - s*z = 21. Is (-58)/(-14) + (-3)/z a prime number?
False
Let x be (-5)/((-20)/4904) - -4. Suppose -6*i + 312 + x = 0. Is i prime?
True
Let t(l) be the third derivative of l**6/30 - l**5/12 - 5*l**4/24 - 5*l**3/6 + l**2. Is t(7) a composite number?
False
Let w(c) = 4*c**2 - 5. Let y = 57 + -37. Suppose y = -9*g + 13*g. Is w(g) composite?
True
Let s be 27/12 - (-1)/(-4). Suppose 5 - 315 = -2*a + s*i, -2*a + 314 = -i. Suppose 5*q = 2*q + a. Is q composite?
False
Let p(c) = 17*c**2 - 32 + 25 - 5*c**2 - 5*c + 13*c**2. Is p(-3) a prime number?
True
Suppose 4*o - 480 = -0*o. Suppose 562 - 132 = 2*d. Let z = d - o. Is z a prime number?
False
Let p be ((-17)/3)/(2/(-6)). Suppose -p = 5*f + 8. Let n = 62 - f. Is n a composite number?
False
Suppose 32 - 550 = -2*b. Let s = b - -28. Is s a composite number?
True
Suppose -5*h + 56421 - 2876 = 0. Is h a composite number?
False
Suppose 3990 = -6*b + 11*b. Suppose 0*w + 6*w + b = 0. Let n = w + 210. Is n a composite number?
True
Suppose 0 = r - 3*j + 336, -4*r + 9*r - 3*j = -1668. Let g = r - -974. Is g composite?
False
Suppose 4*q = -q + 3*w + 34, -q + 14 = 3*w. Suppose -5*b - 5*a - 1175 = -q*b, 2*b - 792 = -a. Is b a prime number?
False
Let z(k) = k**2 - 7*k. Let x be z(3). Is (1 + 16/x)*-5541 a prime number?
True
Let y(q) = q**2 - q + 2. Let v(s) = 2*s**2 + 1. Let x(n) = -2*v(n) + 3*y(n). Let r be x(-4). Suppose r = -13*w + 11*w + 326. Is w prime?
True
Let c(t) = -646*t**3 - 4*t**2 - 2*t - 1. Is c(-3) a composite number?
True
Let h = -12 - -24. Suppose 22*v - h*v = 1870. Is v prime?
False
Suppose 4*f + 3*g - 3400 = -g, -8 = 2*g. Let b = 25 + f. Suppose 2*o = -o + b. Is o composite?
False
Let r(m) = 10*m**2 + 13. Let n be (-10 + 1)*2/3. Is r(n) a prime number?
True
Let a(g) = -g**3 - 31*g**2 + 76*g + 23. Is a(-34) a composite number?
False
Suppose 4*m = 4*v + 11156, -4*v - 9667 = -2*m + 1499. Let x = v + 4008. Is x a prime number?
False
Let g be 2*(-4)/(-8)*-4. Let t be 789/((-10)/4 - g). Suppose -17*a - t = -19*a. Is a a prime number?
True
Let u(a) = -2959*a + 79. Is u(-22) a composite number?
True
Suppose -r - 8*n = -13*n - 22197, 5*r - 111073 = 3*n. Is r composite?
True
Suppose 5*v = g + 351 - 58, -1223 = 4*g - 3*v. Let q = g - 111. Let r = -261 - q. Is r a prime number?
False
Let t(n) = n + 2. Let p(w) = w**2 + 6*w + 3. Let a be p(-6). Let i be t(a). Suppose -3*v + 1231 = i*l, -2*v - 3*l = -4*v + 808. Is v composite?
True
Let t(u) be the second derivative of -133*u**3/6 - 17*u**2/2 + 14*u. Is t(-8) composite?
True
Suppose -5*b - 20 = 5*g, -5*b + 0*g + 2*g = 41. Let u = b + 13. Is (-6)/18 + 1268/u a prime number?
True
Suppose p + 3*q = 2*p + 235, 2*p = -4*q - 420. Let y = -35 - p. Is y composite?
True
Suppose 1183 + 2723 = -9*n. Let v = 727 + n. Is v a prime number?
True
Let q = -4431 + 10793. Is q a prime number?
False
Suppose -13*o - 11*o = -22632. Is o composite?
True
Suppose 4*d - 9274 = 3*z, 4*z - 1276 = -d + 1033. Is d a prime number?
False
Let o(g) = 9642*g**2 - 4*g + 5. Is o(1) a composite number?
False
Let i(q) = -2*q + 2. Let b = 31 - 33. Let t be i(b). Suppose -2*z - 667 = a - t*a, -3*a + 400 = -z. Is a composite?
True
Suppose 0 = 4*d - 5*h + 6, -2*h + 4 = -2*d + 2. Let s(y) = y + 5*y - 10*y + 7*y**2 - d. Is s(-4) prime?
True
Suppose -8*t = -9*t. Suppose -2*g - l + 332 = t, -4*g - 4*l - 342 = -6*g. Is g a prime number?
True
Let i be 3/4 - 456/(-32). Suppose i*m + 203 = 16*m. Is m prime?
False
Suppose -2*p = 2*a - 662, 0 = -5*p + 2*p - 5*a + 989. Let y be 2*(-1 + p/6). Suppose -4*h = -3*w + y, -3*w - 4*h = h - 73. Is w composite?
False
Let j = -21 - -30. Suppose j*q - 4*q - 6265 = 0. Is q prime?
False
Let v = 1 + 4. Let m = 246 + v. Is m prime?
True
Let b be 142/(-14) + 3/21. Let p be (-4)/b - (-47)/(-5). Is (-3 - p) + -2 + 3 prime?
True
Let b(v) = -126*v**3 - 5*v**2 - 20*v + 35. Is b(-10) composite?
True
Let u = 2589 - 5155. Let q = -1767 - u. Is q composite?
True
Let l be ((-28)/(-35))/((-1)/(-305)). Suppose 116 = c - l. Is -1 - 7/((-14)/c) prime?
True
Let z(s) = 17*s**2. Let g be z(-1). Suppose 0 = 22*y - g*y - 1890. Suppose 0 = 2*j - 5*k - y, -3*j + 3*k + 770 = j. Is j a composite number?
True
Let x = 0 - -4. Suppose 3 = -5*l + 3*r - 6*r, x*r = 2*l - 4. Is -3 + l + -11 + 717 a composite number?
True
Is (-2)/5 - 18718/(-70) a composite number?
True
Suppose -3*v + 76 = j, -3*j + 190 = 5*v - 34. Let a = -36 + j. Is a a composite number?
False
Let k be ((-1071)/(-3))/(5/10 - -1). Let u(t) = -9*t - 1. Let s be u(-4). Let b = k - s. Is b a composite number?
True
Let c = -9 - -9. Suppose -7*o - 89 + 460 = c. Is o composite?
False
Suppose -b + 3 = 2*b. Suppose 0 = 4*l - 3*c + 5, l + 5 - b = -2*c. Is 1 - (2 - (10 - l)) prime?
True
Suppose -5*c + 2*g = 248, -g + 4 - 240 = 5*c. Let w = -2 - c. Is w prime?
False
Let u(r) = -88*r + 5. Let l be u(-12). Let c = l - 687. Suppose 2*a + 0*a - c = 0. Is a prime?
False
Suppose 0 = -18*i + 551672 - 207386. Is i prime?
False
Let m = 326 - 999. Let o = 1374 + m. Is o prime?
True
Let t(n) be the third derivative of -71*n**6/360 + n**5/120 + n**4/2 - 4*n**2. Let a(h) be the second derivative of t(h). Is a(-1) prime?
False
Let f(t) = t**3 - 4*t**2 - 3*t - 6. Let j be f(5). Suppose 8*p = 10*p + 16. Is (-246)/p - (-1)/j a prime number?
True
Let c = 10 + -7. Suppose c*i = 5*s + 10, 20 = i - 4*i - s. Is (i - -8) + 1 + 17 a prime number?
False
Let y = -49 + 77. Suppose -4*j = -0*j - y. Suppose j*k - 212 = 3*k. Is k a composite number?
False
Let f be 9*35/45*21. Let a = -65 + f. Is a composite?
True
Let s be ((-32)/12 - -2)*-3. Let p(d) = -5*d + 4*d + 77 - 11 + 52 + d**s. Is p(0) a composite number?
True
Suppose 4*r - 3 = 17. Suppose 3*z + r*l = 2, -4*z + 4 + 2 = 5*l. Is (-1 + z + -166)/(-1) a composite number?
False
Let b be 0 + (3 - 3 - -2). Is 2648/24 - b/(-3) a prime number?
False
Suppose -4 - 4 = 2*y - 4*u, 2*y - u - 1 = 0. Suppose -y*b = 566 - 4512. Is b prime?
True
Let s = 2381 + -1470. Is s composite?
False
Let y(r) = -9*r**2 - 2*r + 4. Let g be y(-5). Let c be (g/2)/(3/(-6)). Is (0 + (-1)/(-1))*c a prime number?
True
Let l(c) = c**3 - c**2 - 7. Let x be l(0). Let m(u) = 6*u**2 + 6*u - 6. Let w be m(x). Let a = 5 + w. Is a prime?
True
Let q(f) = -400*f**3 + f**2 + f + 1. Let t be q(-1). Is (2*t/1)/2 a composite number?
False
Suppose -2*i + 34194 = 4*z, 16*i - 17*i + 5*z = -17069. Is i a composite number?
True
Let b be (3924/(-16))/(3/(-8)) - -4. Suppose -608 - b = -6*x. Is x composite?
False
Suppose -37*h = -10705 + 271. Suppose -908 = -4*b + 5*k - 116, -5*b - 5*k = -1035. Suppose -q = -h - b. Is q a prime number?
False
Suppose 2*j - 4*j - 5*c - 31 = 0, 6 = -2*c. Let n = 119 - j. Is n a prime number?
True
Suppose 70 = -2*j + 7*j. Is (-448)/(-2) - (j - 13) composite?
False
Suppose -3374*n + 3373*n = -2453. Is n a prime number?
False
Let y be (-6)/((-1)/((-8)/(-6))). Let s(d) = -42*d - 23. Let i(f) = -14*f - 8. Let j(w) = y*i(w) - 3*s(w). Is j(6) a composite number?
False
Let p be 39*(0 - 2/2). Let d = p - -68. Suppose 0 = -3*i + d + 124. Is i prime?
False
Let m be (-129)/15 - (-8)/(-20). Is ((-9)/(-6))/(m/(-6252)) composite?
True
Suppose 5*a + 190 = -4*g + 1361, a - 587 = -2*g. Suppose 0 = z + 83 - g. Is z prime?
True
Let w be 4810/12 + (-1)/(-6). Let m = -189 - -81. Let b = m + w. Is b composite?
False
Let v(r) = -2*r. Suppose -2 = -0*o + 2*o. Let h be v(o). Suppose 0 = -3*u - 4*n + 90, -h*u - n + 66 - 11 = 0. Is u a composite number?
True
Let d = -4 + 7. Suppose m = d*r + 1541 + 1822, 0 = -5*r - 5*m - 5605. Is r/(-6) - (-2)/12 a prime number?
False
Let f(n) = -n**3 + 10*n**2 - 6*n - 2. Let s be f(9). Suppose -r = -6*r + s. Let j(x) = x**3 - x**2 - 2*x + 1. Is j(r) a composite number?
True
Suppose -13*r = -17*r + 3256. Let y = -731 - -224. Let k = r + y. Is k a prime number?
True
Let l(b) = b + 1